 is divided by 51631.
8
Calculate the remainder when 4085050 is divided by 4402.
4396
What is the remainder when 491733 is divided by 57?
51
Calculate the remainder when 1637600 is divided by 3342.
20
Calculate the remainder when 206224 is divided by 1273.
1271
Calculate the remainder when 33775 is divided by 6751.
20
Calculate the remainder when 2526926 is divided by 505381.
21
Calculate the remainder when 845541 is divided by 420317.
4907
Calculate the remainder when 5271043 is divided by 828.
823
What is the remainder when 11413607 is divided by 11413585?
22
Calculate the remainder when 179170 is divided by 25580.
110
Calculate the remainder when 2280009 is divided by 125.
9
What is the remainder when 931737 is divided by 8032?
25
Calculate the remainder when 13323183 is divided by 5062.
5061
Calculate the remainder when 113482 is divided by 5151.
160
What is the remainder when 4379330 is divided by 354?
350
What is the remainder when 4005064 is divided by 18?
10
What is the remainder when 146768 is divided by 21?
20
Calculate the remainder when 1049556 is divided by 524773.
10
What is the remainder when 3557172 is divided by 101632?
52
What is the remainder when 20667477 is divided by 314?
311
Calculate the remainder when 1001516 is divided by 8562.
8324
What is the remainder when 14419524 is divided by 1441950?
24
What is the remainder when 4098920 is divided by 537?
536
Calculate the remainder when 41557997 is divided by 11.
8
What is the remainder when 272920 is divided by 12395?
230
What is the remainder when 25893807 is divided by 5811?
5802
What is the remainder when 432186 is divided by 4802?
6
What is the remainder when 2896771 is divided by 6311?
22
Calculate the remainder when 5355688 is divided by 15.
13
Calculate the remainder when 111259 is divided by 929.
708
What is the remainder when 11013 is divided by 5007?
999
What is the remainder when 43969 is divided by 14?
9
What is the remainder when 2446936 is divided by 150?
136
What is the remainder when 173893013 is divided by 836?
833
Calculate the remainder when 176223221 is divided by 3331.
3328
Calculate the remainder when 31579171 is divided by 2081.
2077
Calculate the remainder when 2050790 is divided by 40.
30
What is the remainder when 948324 is divided by 11292?
11088
Calculate the remainder when 52188 is divided by 2065.
563
What is the remainder when 102714651 is divided by 959?
956
What is the remainder when 17093121 is divided by 38498?
9
What is the remainder when 103344 is divided by 13580?
8284
Calculate the remainder when 24084966 is divided by 110.
26
Calculate the remainder when 1520965 is divided by 40025.
15
Calculate the remainder when 12306473 is divided by 4109.
18
What is the remainder when 227525 is divided by 766?
23
Calculate the remainder when 60437290 is divided by 2158474.
18
Calculate the remainder when 79298944 is divided by 11.
10
What is the remainder when 156565 is divided by 14074?
1751
What is the remainder when 533859 is divided by 11583?
1041
Calculate the remainder when 2313401 is divided by 91.
90
What is the remainder when 94805 is divided by 392?
333
What is the remainder when 3676829 is divided by 3676817?
12
Calculate the remainder when 84622879 is divided by 23.
14
Calculate the remainder when 357519968 is divided by 425619.
8
What is the remainder when 85109 is divided by 28299?
212
Calculate the remainder when 23870103 is divided by 75300.
3
Calculate the remainder when 40305584 is divided by 26.
20
What is the remainder when 10406993 is divided by 1954?
1943
What is the remainder when 217051 is divided by 670?
641
What is the remainder when 1222742 is divided by 4246?
4140
Calculate the remainder when 24635571 is divided by 248.
243
What is the remainder when 5166090 is divided by 1565?
25
Calculate the remainder when 7376314 is divided by 3703.
3641
What is the remainder when 21171492 is divided by 33?
12
What is the remainder when 2256646 is divided by 2158?
1536
Calculate the remainder when 5199592 is divided by 1697.
1681
Calculate the remainder when 39375830 is divided by 69.
14
What is the remainder when 299543 is divided by 367?
71
What is the remainder when 2470519 is divided by 5212?
31
What is the remainder when 239312 is divided by 47851?
57
What is the remainder when 566707 is divided by 1435?
1317
What is the remainder when 1431924 is divided by 9179?
0
Calculate the remainder when 13717128 is divided by 6858561.
6
Calculate the remainder when 22648700 is divided by 11324340.
20
What is the remainder when 411928 is divided by 224?
216
What is the remainder when 37157 is divided by 437?
12
What is the remainder when 74725 is divided by 1100?
1025
What is the remainder when 27200015 is divided by 711?
710
What is the remainder when 2569317 is divided by 856426?
39
Calculate the remainder when 48553 is divided by 10826.
5249
What is the remainder when 97466 is divided by 734?
578
What is the remainder when 33152 is divided by 3197?
1182
Calculate the remainder when 792733 is divided by 3151.
1832
Calculate the remainder when 85765894 is divided by 268.
266
Calculate the remainder when 33806 is divided by 1672.
366
Calculate the remainder when 1250197 is divided by 2023.
2006
Calculate the remainder when 1524013 is divided by 93.
22
What is the remainder when 377582 is divided by 16?
14
Calculate the remainder when 263995 is divided by 10106.
1239
What is the remainder when 32391145 is divided by 1930?
1885
What is the remainder when 4196867 is divided by 839364?
47
What is the remainder when 753756249 is divided by 25?
24
Calculate the remainder when 82735610 is divided by 7.
6
Calculate the remainder when 588439 is divided by 5553.
5374
Calculate the remainder when 65541 is divided by 6339.
2151
What is the remainder when 4590770 is divided by 733?
724
What is the remainder when 19362 is divided by 1865?
712
Calculate the remainder when 7275540 is divided by 33.
30
What is the remainder when 2419077 is divided by 209?
111
Calculate the remainder when 523623 is divided by 261788.
47
What is the remainder when 2313724 is divided by 462701?
219
What is the remainder when 1489811 is divided by 496561?
128
What is the remainder when 55596 is divided by 2777?
56
What is the remainder when 10915646 is divided by 2352?
14
What is the remainder when 112296719 is divided by 22?
7
What is the remainder when 136314416 is divided by 30?
26
What is the remainder when 7365042 is divided by 156703?
1
Calculate the remainder when 15475046 is divided by 552679.
34
What is the remainder when 923365 is divided by 893?
3
Calculate the remainder when 239750803 is divided by 3506.
5
Calculate the remainder when 7801494 is divided by 2600492.
18
Calculate the remainder when 91240 is divided by 1317.
367
Calculate the remainder when 1403651 is divided by 200513.
60
Calculate the remainder when 128488 is divided by 64030.
428
Calculate the remainder when 1741954 is divided by 85.
49
What is the remainder when 27770213 is divided by 102?
101
Calculate the remainder when 159109 is divided by 79475.
159
What is the remainder when 5110470 is divided by 112?
22
What is the remainder when 4987536 is divided by 1094?
1084
What is the remainder when 3458330 is divided by 864546?
146
Calculate the remainder when 148033 is divided by 36408.
2401
Calculate the remainder when 5155537 is divided by 97.
84
What is the remainder when 59705 is divided by 59117?
588
What is the remainder when 54155583 is divided by 198372?
27
What is the remainder when 236902 is divided by 59224?
6
Calculate the remainder when 73384 is divided by 2451.
2305
Calculate the remainder when 13891185 is divided by 687.
45
What is the remainder when 643986 is divided by 321922?
142
Calculate the remainder when 3263433 is divided by 1802.
11
Calculate the remainder when 1201171 is divided by 150136.
83
What is the remainder when 35881 is divided by 11754?
619
What is the remainder when 3579262 is divided by 39?
37
Calculate the remainder when 542659349 is divided by 788.
785
What is the remainder when 503414 is divided by 1109?
1037
Calculate the remainder when 418951 is divided by 69817.
49
What is the remainder when 4459083 is divided by 14?
13
What is the remainder when 742074 